what is -1300783613 - -4?
-1300783609
In base 6, what is -1 + -21213130?
-21213131
In base 8, what is 1305 + 13537?
15044
In base 7, what is 1564 + -2166503?
-2164606
In base 5, what is -40132 - 11011320?
-11102002
In base 10, what is -32071 + -197?
-32268
In base 16, what is 2 + ac68bce?
ac68bd0
In base 11, what is 4457 - 114a?
3308
In base 4, what is 11103000011 + 0?
11103000011
In base 13, what is 5 + 88a765b?
88a7663
In base 5, what is 14441 - -12222?
32213
In base 2, what is -10110101000011 - 11111010?
-10111000111101
In base 8, what is 12312 + -1047?
11243
In base 3, what is -102 - -10122200020112?
10122200020010
In base 16, what is -43 + -4d670?
-4d6b3
In base 11, what is 3 + 29109820?
29109823
In base 10, what is -3475003 + -3?
-3475006
In base 7, what is 54 - -16066320?
16066404
In base 13, what is 44a + -397c?
-3532
In base 15, what is 396cc7 - 0?
396cc7
In base 16, what is 26 + a9702c?
a97052
In base 6, what is -101455 + -105103?
-211002
In base 6, what is -2323 - -55141?
52414
In base 10, what is 34829352 - 5?
34829347
In base 4, what is 2200 - -2201003033?
2201011233
In base 9, what is 12284220 - -2?
12284222
In base 6, what is 121253322 - 122?
121253200
In base 11, what is 533 + 56201?
56734
In base 9, what is -13503 + 2657?
-10735
In base 4, what is -2 - -100120221010?
100120221002
In base 15, what is -2ec3 - 248?
-321b
In base 2, what is 101 + 10011100101010100000001000?
10011100101010100000001101
In base 16, what is -193682 - 6?
-193688
In base 15, what is -197 + -11cd?
-1375
In base 9, what is 3 + 521526?
521530
In base 2, what is 100010 + 10111010100011000?
10111010100111010
In base 9, what is -18105446 + -18?
-18105465
In base 11, what is -8425 + 377?
-8059
In base 13, what is 39ca29 - 4?
39ca25
In base 8, what is -4773661 - 336?
-4774217
In base 5, what is 10 + -30214111?
-30214101
In base 9, what is 2834713 + -5?
2834707
In base 2, what is -10100100011010011 + 11001110?
-10100100000000101
In base 16, what is -5 - 1bab15?
-1bab1a
In base 14, what is -2c9b48 - -a?
-2c9b3c
In base 9, what is 6663725 + 0?
6663725
In base 11, what is 2419 + 8a02?
10320
In base 12, what is -2707561 + 3?
-270755a
In base 10, what is -5055272 - -24?
-5055248
In base 8, what is 326 - -12274445?
12274773
In base 8, what is -1666043 - -231?
-1665612
In base 5, what is 14120013034033 + -2?
14120013034031
In base 15, what is -4a5c + -59e?
-510b
In base 12, what is -11 + -7967811?
-7967822
In base 13, what is 3748 - -b0a2?
1181a
In base 10, what is -366 + -31208?
-31574
In base 5, what is -144024214 - -10243?
-144013421
In base 15, what is -3 - 83a35eb?
-83a35ee
In base 16, what is -f2 - b03ca?
-b04bc
In base 13, what is 1a00765 + -3?
1a00762
In base 14, what is 17 - 18a52?
-18a39
In base 5, what is 223432 - 12024?
211403
In base 15, what is 120 + 18213?
18333
In base 11, what is 2 + 5102a3a7?
5102a3a9
In base 16, what is -11 + 4def?
4dde
In base 8, what is 17 - 32606324?
-32606305
In base 2, what is -1100110000111000011110010 + -101?
-1100110000111000011110111
In base 11, what is 4 + -4430215?
-4430211
In base 14, what is -31201 + -13a?
-3133b
In base 2, what is 101010000100100000000 + -1001?
101010000100011110111
In base 12, what is 16a350 + -1b7?
16a155
In base 10, what is -815300 + -24?
-815324
In base 12, what is -1306868 - -20?
-1306848
In base 5, what is -31241 - -2021401?
1440110
In base 7, what is -1242501 + -144?
-1242645
In base 13, what is -5945 + 4319?
-1629
In base 16, what is -4f - 33474d?
-33479c
In base 11, what is -56422 + -35?
-56457
In base 13, what is -1 + 55b9c7?
55b9c6
In base 13, what is b823 - a36?
aaba
In base 6, what is -21310211 + 5?
-21310202
In base 3, what is -11 + 202110010100121?
202110010100110
In base 4, what is -22101 - -200031?
111330
In base 14, what is 2d + 3731893?
37318c2
In base 9, what is 51 - 16518?
-16457
In base 3, what is -10020101120001221 + -12?
-10020101120002010
In base 5, what is 130313 - 200142?
-14324
In base 10, what is 413354 + 65?
413419
In base 15, what is -265 - 50a?
-770
In base 10, what is 15354 + -95?
15259
In base 7, what is -411505214 - -4?
-411505210
In base 12, what is -81b57 - -24?
-81b33
In base 5, what is 3000232412 + -1414?
3000230443
In base 6, what is 1152114 + -11014?
1141100
In base 13, what is 18b1 - 4b889?
-49ca8
In base 13, what is c58866 + 2?
c58868
In base 10, what is 0 - -1309086?
1309086
In base 11, what is -a389 + 6802?
-3687
In base 16, what is -174 + -10690?
-10804
In base 10, what is 1175 - 34311?
-33136
In base 8, what is -5 + -2442250?
-2442255
In base 2, what is 100 - 1101100110110101000?
-1101100110110100100
In base 4, what is 321222120133 - -10?
321222120203
In base 15, what is 1452159 + -1?
1452158
In base 11, what is 4a7a - -14650?
1961a
In base 11, what is -2169 - 1904?
-3a72
In base 9, what is -121615 - 401?
-122116
In base 13, what is -5447b - 64?
-54512
In base 5, what is 202341242 - -1214?
202343011
In base 4, what is -213 + -221312?
-222131
In base 14, what is 1b474 + 186?
1b61a
In base 5, what is 13121332131 + 3?
13121332134
In base 10, what is 278452 - -267?
278719
In base 15, what is -b416c - 46?
-b41b3
In base 14, what is ac996db - 3?
ac996d8
In base 7, what is 320343 + 1565?
322241
In base 5, what is 12003 + 22404?
34412
In base 8, what is 104 - 7524146?
-7524042
In base 4, what is -2 - 1101332001?
-1101332003
In base 16, what is 2d - 283c7?
-2839a
In base 7, what is -40632 - -24?
-40605
In base 4, what is -1333133232 - 3111?
-1333203003
In base 3, what is 11101 - -11000001120101?
11000001201202
In base 10, what is -101 - 569123?
-569224
In base 16, what is -41 - 459a87?
-459ac8
In base 12, what is -5 + 17261a6?
17261a1
In base 13, what is -431 + 10c4b1?
10c080
In base 7, what is 2455 + 114652?
120440
In base 6, what is -10453014 - 41?
-10453055
In base 8, what is 311250 - -1607?
313057
In base 12, what is 67b16 + 25a?
68174
In base 11, what is -1905 - 5161?
-6a66
In base 16, what is 42d + -9793?
-9366
In base 4, what is -33031022202332 - -1?
-33031022202331
In base 10, what is 69 + 3567755?
3567824
In base 10, what is -135387 + -2632?
-138019
In base 6, what is 5 + -15105155?
-15105150
In base 13, what is 6280b7 - b4?
628003
In base 9, what is -584 - 22628?
-23323
In base 12, what is -5 + 38690a5?
38690a0
In base 5, what is 10413 - 204233?
-143320
In base 14, what is 4bb + 5903?
5dc0
In base 14, what is 22c8 + -a62?
1666
In base 15, what is 1157d + 1e2?
11770
In base 8, what is -102435 - 147421?
-252056
In base 10, what is 152312 + 60?
152372
In base 14, what is -7295b5b + 0?
-7295b5b
In base 14, what is d4 + 1dcb3?
1dda7
In base 13, what is -1337b0 - 2?
-1337b2
In base 4, what is -210222321300 - 10?
-210222321310
In base 10, what is -464780 - 576?
-465356
In base 16, what is -64f6 + -1354?
-784a
In base 16, what is 15da49 - 0?
15da49
In base 15, what is -197 + -7ec7a?
-7ee22
In base 9, what is -4 + 116861776?
116861772
In base 8, what is 764346 + 630?
765176
In base 10, what is -30 + 150304?
150274
In base 11, what is 0 - -15847532?
15847532
In base 9, what is 1 + -25868104?
-25868103
In base 9, what is 50 + 33632?
33682
In base 16, what is 33f350 - 2?
33f34e
In base 12, what is 86494744 - -4?
86494748
In base 12, what is -7 + -57055?
-57060
In base 5, what is 1043120334 - 4?
1043120330
In base 16, what is -1f - e2d0?
-e2ef
In base 13, what is -140 + 5017?
4ba7
In base 8, what is 540176566 + 2?
540176570
In base 2, what is -100110001001100001111001011 + 101?
-100110001001100001111000110
In base 9, what is 2 + -526871050?
-526871047
In base 5, what is 12041 - 31304012?
-31241421
In base 3, what is 12 - 112102112202010?
-112102112201221
In base 3, what is 2222010 - 1012101211?
-1002102201
In base 5, what is 13241204002 + -323?
13241203124
In base 5, what is 1313 + 441033?
442401
In base 12, what is 74039 + -298b?
7126a
In base 15, what is 5 + 1b2aae1?
1b2aae6
In base 9, what is 220 + 207812?
208132
In base 15, what is -10 - 682655?
-682665
In base 6, what is 3 + 252320310?
252320313
In base 6, what is 1 + -10055512514?
-10055512513
In base 8, what is -430 - 2043763?
-2044413
In base 6, what is -142 + 2500204?
2500022
In base 11, what is 5477655 + -2?
5477653
In base 3, what is -120002 + -21111220?
-22001222
In base 2, what is -1010100101011001110